{"id":3166,"date":"2022-12-28T21:19:45","date_gmt":"2022-12-28T21:19:45","guid":{"rendered":"http:\/\/cormedprzemkow.pl\/?page_id=3166"},"modified":"2022-12-29T19:19:35","modified_gmt":"2022-12-29T19:19:35","slug":"gabinety-medycyny-szkolnej","status":"publish","type":"page","link":"https:\/\/cormedprzemkow.pl\/?page_id=3166","title":{"rendered":"Gabinety medycyny szkolnej"},"content":{"rendered":"\t\t<div data-elementor-type=\"wp-page\" data-elementor-id=\"3166\" class=\"elementor elementor-3166\" data-elementor-settings=\"{&quot;ha_cmc_init_switcher&quot;:&quot;no&quot;}\">\n\t\t\t\t\t\t<section class=\"elementor-section elementor-top-section elementor-element elementor-element-f75d4de elementor-section-boxed elementor-section-height-default elementor-section-height-default wpr-particle-no wpr-jarallax-no wpr-parallax-no wpr-sticky-section-no\" data-id=\"f75d4de\" data-element_type=\"section\" data-settings=\"{&quot;_ha_eqh_enable&quot;:false}\">\n\t\t\t\t\t\t<div class=\"elementor-container elementor-column-gap-default\">\n\t\t\t\t\t<div class=\"elementor-column elementor-col-100 elementor-top-column elementor-element elementor-element-76c190d\" data-id=\"76c190d\" data-element_type=\"column\">\n\t\t\t<div class=\"elementor-widget-wrap elementor-element-populated\">\n\t\t\t\t\t\t<div class=\"elementor-element elementor-element-ed52264 wpr-team-member-divider-center elementor-widget elementor-widget-wpr-team-member\" data-id=\"ed52264\" data-element_type=\"widget\" data-widget_type=\"wpr-team-member.default\">\n\t\t\t\t<div class=\"elementor-widget-container\">\n\t\t\t\t\t\n\t<div class=\"wpr-team-member\">\n\t\t\t\t\t\n\t\t\t<div class=\"wpr-member-media\">\n\t\t\t\t<div class=\"wpr-member-image\">\n\t\t\t\t\t<img decoding=\"async\" src=\"https:\/\/cormedprzemkow.pl\/wp-content\/plugins\/elementor\/assets\/images\/placeholder.png\" alt=\"lic. piel. Ma\u0142gorzata Sierak\">\n\t\t\t\t<\/div>\n\t\t\t\t\t\t\t<\/div>\n\t\t\t\t\n\t\t\n\t\t<div class=\"wpr-member-content\">\n\t\t\t<h3 class=\"wpr-member-name\">lic. piel. Ma\u0142gorzata Sierak<\/h3>\n\t\t\t\n\t\t\t\t\t\t\t<div class=\"wpr-member-job\">COR-MED M&amp;S Diallo Sp\u00f3\u0142ka Jawna<\/div>\n\t\t\t\n\t\t\t\t\t\t\t<div class=\"wpr-member-divider\"><\/div>\n\t\t\t\n\t\t\t\t\t\t\n\t\t\t\t\t<\/div>\n\n\t\t\t<\/div>\n\n\t\t\t\t\t<\/div>\n\t\t\t\t<\/div>\n\t\t\t\t<div class=\"elementor-element elementor-element-8080072 elementor-widget elementor-widget-text-editor\" data-id=\"8080072\" data-element_type=\"widget\" data-widget_type=\"text-editor.default\">\n\t\t\t\t<div class=\"elementor-widget-container\">\n\t\t\t\t\t\t\t\t\t<p>Gabinety profilaktyki i pomocy przedlekarskiej COR-MED funkcjonuj\u0105 we wszystkich szko\u0142ach podstawowych i ponadpodstawowych na terenie gminy Przemk\u00f3w. <strong>\u015awiadczenia profilaktycznej opieki nad dzie\u0107mi i m\u0142odzie\u017c\u0105 w \u015brodowisku nauczania i wychowania <\/strong>udzielane s\u0105 w dni powszednie od poniedzia\u0142ku do pi\u0105tku (z wy\u0142\u0105czeniem dni ustawowo wolnych od pracy), w godzinach lekcyjnych, zgodnie z harmonogramem pracy szk\u00f3\u0142.<\/p><p>\u015awiadczenia piel\u0119gniarki\/higienistki szkolnej obejmuj\u0105:<\/p><ul><li>\u015bwiadczenia profilaktyczne, w tym wykonywanie i interpretowanie test\u00f3w przesiewowych u dzieci w wieku szkolnym, w terminach bada\u0144 bilansowych,<\/li><li>\u015bwiadczenia grupowej profilaktyki fluorkowej u dzieci klas I-VI szko\u0142y podstawowej,<\/li><li>kierowanie post\u0119powaniem przesiewowym oraz sprawowanie opieki nad uczniami z dodatnimi wynikami test\u00f3w,<\/li><li>czynne poradnictwo dla uczni\u00f3w z problemami zdrowotnymi oraz sprawowanie opieki nad uczniami z chorobami przewlek\u0142ymi i niepe\u0142nosprawno\u015bci\u0105,<\/li><li>udzielanie pomocy przedlekarskiej w przypadku nag\u0142ych zachorowa\u0144, uraz\u00f3w, zatru\u0107,<\/li><li>doradztwo dla dyrektora szko\u0142y zgodnie z posiadanymi kompetencjami,<\/li><li>udzia\u0142 w planowaniu, realizacji i ocenie edukacji zdrowotnej.<\/li><\/ul>\t\t\t\t\t\t\t\t<\/div>\n\t\t\t\t<\/div>\n\t\t\t\t\t<\/div>\n\t\t<\/div>\n\t\t\t\t\t<\/div>\n\t\t<\/section>\n\t\t\t\t<\/div>\n\t\t","protected":false},"excerpt":{"rendered":"<p>lic. piel. Ma\u0142gorzata Sierak COR-MED M&amp;S Diallo Sp\u00f3\u0142ka Jawna Gabinety profilaktyki i pomocy przedlekarskiej COR-MED funkcjonuj\u0105 we wszystkich szko\u0142ach podstawowych i ponadpodstawowych na terenie gminy Przemk\u00f3w. \u015awiadczenia profilaktycznej opieki nad dzie\u0107mi i m\u0142odzie\u017c\u0105 w \u015brodowisku nauczania i wychowania udzielane s\u0105 w dni powszednie od poniedzia\u0142ku do pi\u0105tku (z wy\u0142\u0105czeniem dni ustawowo wolnych od pracy), w godzinach lekcyjnych, zgodnie z harmonogramem pracy szk\u00f3\u0142. \u015awiadczenia piel\u0119gniarki\/higienistki szkolnej obejmuj\u0105: \u015bwiadczenia profilaktyczne, w tym wykonywanie i interpretowanie test\u00f3w przesiewowych u dzieci w wieku szkolnym, w terminach bada\u0144 bilansowych, \u015bwiadczenia grupowej profilaktyki fluorkowej u dzieci klas I-VI szko\u0142y podstawowej, kierowanie post\u0119powaniem przesiewowym oraz sprawowanie opieki nad uczniami z dodatnimi wynikami test\u00f3w, czynne poradnictwo dla uczni\u00f3w z problemami zdrowotnymi oraz sprawowanie opieki nad uczniami z chorobami przewlek\u0142ymi i niepe\u0142nosprawno\u015bci\u0105, udzielanie pomocy przedlekarskiej w przypadku nag\u0142ych zachorowa\u0144, uraz\u00f3w, zatru\u0107, doradztwo dla dyrektora szko\u0142y zgodnie z posiadanymi kompetencjami, udzia\u0142 w planowaniu, realizacji i ocenie edukacji zdrowotnej.<\/p>\n","protected":false},"author":1,"featured_media":0,"parent":0,"menu_order":0,"comment_status":"closed","ping_status":"closed","template":"","meta":{"footnotes":""},"class_list":["post-3166","page","type-page","status-publish","hentry"],"_links":{"self":[{"href":"https:\/\/cormedprzemkow.pl\/index.php?rest_route=\/wp\/v2\/pages\/3166","targetHints":{"allow":["GET"]}}],"collection":[{"href":"https:\/\/cormedprzemkow.pl\/index.php?rest_route=\/wp\/v2\/pages"}],"about":[{"href":"https:\/\/cormedprzemkow.pl\/index.php?rest_route=\/wp\/v2\/types\/page"}],"author":[{"embeddable":true,"href":"https:\/\/cormedprzemkow.pl\/index.php?rest_route=\/wp\/v2\/users\/1"}],"replies":[{"embeddable":true,"href":"https:\/\/cormedprzemkow.pl\/index.php?rest_route=%2Fwp%2Fv2%2Fcomments&post=3166"}],"version-history":[{"count":7,"href":"https:\/\/cormedprzemkow.pl\/index.php?rest_route=\/wp\/v2\/pages\/3166\/revisions"}],"predecessor-version":[{"id":3441,"href":"https:\/\/cormedprzemkow.pl\/index.php?rest_route=\/wp\/v2\/pages\/3166\/revisions\/3441"}],"wp:attachment":[{"href":"https:\/\/cormedprzemkow.pl\/index.php?rest_route=%2Fwp%2Fv2%2Fmedia&parent=3166"}],"curies":[{"name":"wp","href":"https:\/\/api.w.org\/{rel}","templated":true}]}}