{"id":3183,"date":"2022-12-28T21:28:25","date_gmt":"2022-12-28T21:28:25","guid":{"rendered":"http:\/\/cormedprzemkow.pl\/?page_id=3183"},"modified":"2022-12-30T18:30:51","modified_gmt":"2022-12-30T18:30:51","slug":"punkt-szczepien","status":"publish","type":"page","link":"https:\/\/cormedprzemkow.pl\/?page_id=3183","title":{"rendered":"Punkt szczepie\u0144"},"content":{"rendered":"<p class=\"attachment\"><a href='https:\/\/cormedprzemkow.pl\/wp-content\/uploads\/2022\/12\/Punkt-szczepien3-scaled.jpg'><img fetchpriority=\"high\" decoding=\"async\" width=\"300\" height=\"225\" src=\"https:\/\/cormedprzemkow.pl\/wp-content\/uploads\/2022\/12\/Punkt-szczepien3-300x225.jpg\" class=\"attachment-medium size-medium\" alt=\"\" srcset=\"https:\/\/cormedprzemkow.pl\/wp-content\/uploads\/2022\/12\/Punkt-szczepien3-300x225.jpg 300w, https:\/\/cormedprzemkow.pl\/wp-content\/uploads\/2022\/12\/Punkt-szczepien3-1024x768.jpg 1024w, https:\/\/cormedprzemkow.pl\/wp-content\/uploads\/2022\/12\/Punkt-szczepien3-768x576.jpg 768w, https:\/\/cormedprzemkow.pl\/wp-content\/uploads\/2022\/12\/Punkt-szczepien3-1536x1152.jpg 1536w, https:\/\/cormedprzemkow.pl\/wp-content\/uploads\/2022\/12\/Punkt-szczepien3-2048x1536.jpg 2048w\" sizes=\"(max-width: 300px) 100vw, 300px\" \/><\/a><\/p>\n\t\t<div data-elementor-type=\"wp-page\" data-elementor-id=\"3183\" class=\"elementor elementor-3183\" data-elementor-settings=\"{&quot;ha_cmc_init_switcher&quot;:&quot;no&quot;}\">\n\t\t\t\t\t\t<section class=\"elementor-section elementor-top-section elementor-element elementor-element-74b3ff0 elementor-section-boxed elementor-section-height-default elementor-section-height-default wpr-particle-no wpr-jarallax-no wpr-parallax-no wpr-sticky-section-no\" data-id=\"74b3ff0\" data-element_type=\"section\" data-settings=\"{&quot;_ha_eqh_enable&quot;:false}\">\n\t\t\t\t\t\t<div class=\"elementor-container elementor-column-gap-default\">\n\t\t\t\t\t<div class=\"elementor-column elementor-col-100 elementor-top-column elementor-element elementor-element-20bc677\" data-id=\"20bc677\" data-element_type=\"column\">\n\t\t\t<div class=\"elementor-widget-wrap elementor-element-populated\">\n\t\t\t\t\t\t<div class=\"elementor-element elementor-element-4cc8a97 wpr-team-member-divider-center elementor-widget elementor-widget-wpr-team-member\" data-id=\"4cc8a97\" data-element_type=\"widget\" data-widget_type=\"wpr-team-member.default\">\n\t\t\t\t<div class=\"elementor-widget-container\">\n\t\t\t\t\t\n\t<div class=\"wpr-team-member\">\n\t\t\t\t\t\n\t\t\t<div class=\"wpr-member-media\">\n\t\t\t\t<div class=\"wpr-member-image\">\n\t\t\t\t\t<img decoding=\"async\" src=\"https:\/\/cormedprzemkow.pl\/wp-content\/plugins\/elementor\/assets\/images\/placeholder.png\" alt=\"lic. piel. Bogumi\u0142a Fr\u0105szczak\">\n\t\t\t\t<\/div>\n\t\t\t\t\t\t\t<\/div>\n\t\t\t\t\n\t\t\n\t\t<div class=\"wpr-member-content\">\n\t\t\t<h3 class=\"wpr-member-name\">lic. piel. Bogumi\u0142a Fr\u0105szczak<\/h3>\n\t\t\t\n\t\t\t\t\t\t\t<div class=\"wpr-member-job\">COR-MED M&amp;S Diallo Sp\u00f3\u0142ka Jawna<\/div>\n\t\t\t\n\t\t\t\t\t\t\t<div class=\"wpr-member-divider\"><\/div>\n\t\t\t\n\t\t\t\t\t\t\n\t\t\t\t\t<\/div>\n\n\t\t\t<\/div>\n\n\t\t\t\t\t<\/div>\n\t\t\t\t<\/div>\n\t\t\t\t<div class=\"elementor-element elementor-element-cc4a386 elementor-widget elementor-widget-text-editor\" data-id=\"cc4a386\" data-element_type=\"widget\" data-widget_type=\"text-editor.default\">\n\t\t\t\t<div class=\"elementor-widget-container\">\n\t\t\t\t\t\t\t\t\t<p style=\"text-align: center;\">W Punkcie Szczepie\u0144 COR-MED M&amp;S Diallo Sp\u00f3\u0142ka jawna wykonywane s\u0105 szczepienia obowi\u0105zkowe dzieci zgodnie z obowi\u0105zuj\u0105cym kalendarzem szczepie\u0144, wg przyj\u0119tego harmonogramu pracy.<\/p><p style=\"text-align: center;\">Wykonujemy tak\u017ce na \u017cyczenie rodzic\u00f3w lub os\u00f3b doros\u0142ych, szczepienia zalecane &#8211; niefinansowane ze \u015brodk\u00f3w publicznych. Ka\u017cde szczepienie poprzedzone jest kwalifikacj\u0105 lekarsk\u0105, kt\u00f3ra odbywa si\u0119 w dniu szczepienia.<\/p><p style=\"text-align: center;\"><br \/>Pacjent na szczepienie zg\u0142asza si\u0119 w dobrym stanie zdrowia, po uprzedniej rejestracji lub wezwaniu personelu medycznego.<\/p><p style=\"text-align: center;\">W Punkcie szczepie\u0144 wykonujemy tak\u017ce szczepienia przeciw COVID-19 oraz szczepienia przeciw grypie sezonowej.<\/p><p style=\"text-align: center;\"><em>Tel. kontaktowy. 76 8319 409<\/em><\/p>\t\t\t\t\t\t\t\t<\/div>\n\t\t\t\t<\/div>\n\t\t\t\t<div class=\"elementor-element elementor-element-fd7f04b wpr-grid-slider-columns-3 wpr-grid-slider-columns--tablet2 wpr-grid-slider-columns--mobile1 wpr-grid-slider-rows-1 wpr-grid-slider-nav-position-custom elementor-widget elementor-widget-wpr-media-grid\" data-id=\"fd7f04b\" data-element_type=\"widget\" data-settings=\"{&quot;layout_slider_amount&quot;:3,&quot;layout_slider_amount_tablet&quot;:2,&quot;layout_slider_amount_mobile&quot;:1,&quot;layout_slider_rows&quot;:1,&quot;layout_slides_to_scroll&quot;:2}\" data-widget_type=\"wpr-media-grid.default\">\n\t\t\t\t<div class=\"elementor-widget-container\">\n\t\t\t\t\t<section class=\"wpr-grid wpr-media-grid elementor-clearfix\" dir=\"ltr\" data-slick=\"{&quot;rtl&quot;:false,&quot;infinite&quot;:false,&quot;speed&quot;:700,&quot;arrows&quot;:true,&quot;dots&quot;:true,&quot;autoplay&quot;:false,&quot;autoplaySpeed&quot;:4000,&quot;pauseOnHover&quot;:&quot;yes&quot;,&quot;prevArrow&quot;:&quot;#wpr-grid-slider-prev-fd7f04b&quot;,&quot;nextArrow&quot;:&quot;#wpr-grid-slider-next-fd7f04b&quot;,&quot;sliderSlidesToScroll&quot;:2,&quot;sliderRows&quot;:1,&quot;lightbox&quot;:{&quot;selector&quot;:&quot;article:not(.slick-cloned) .wpr-grid-image-wrap&quot;,&quot;iframeMaxWidth&quot;:&quot;60%&quot;,&quot;hash&quot;:false,&quot;autoplay&quot;:&quot;true&quot;,&quot;pause&quot;:5000,&quot;progressBar&quot;:&quot;true&quot;,&quot;counter&quot;:&quot;true&quot;,&quot;controls&quot;:&quot;true&quot;,&quot;getCaptionFromTitleOrAlt&quot;:&quot;true&quot;,&quot;thumbnail&quot;:&quot;true&quot;,&quot;showThumbByDefault&quot;:&quot;true&quot;,&quot;share&quot;:&quot;true&quot;,&quot;zoom&quot;:&quot;true&quot;,&quot;fullScreen&quot;:&quot;true&quot;,&quot;download&quot;:&quot;true&quot;}}\"><article class=\"wpr-grid-item elementor-clearfix post-3690 attachment type-attachment status-inherit hentry\"><div class=\"wpr-grid-item-inner\"><div class=\"wpr-grid-media-wrap wpr-effect-size-small \"><div class=\"wpr-grid-image-wrap\" data-src=\"https:\/\/cormedprzemkow.pl\/wp-content\/uploads\/2022\/12\/Punkt-Szczepien1-scaled.jpg\"><img decoding=\"async\" src=\"https:\/\/cormedprzemkow.pl\/wp-content\/uploads\/2022\/12\/Punkt-Szczepien1-scaled.jpg\" alt=\"Punkt Szczepie\u01441\" class=\"wpr-anim-timing-ease-default\"><\/div><div class=\"wpr-grid-media-hover wpr-animation-wrap\"><div class=\"wpr-grid-media-hover-bg  wpr-overlay-fade-in wpr-anim-size-large wpr-anim-timing-ease-default wpr-anim-transparency\" data-url=\"https:\/\/cormedprzemkow.pl\/?attachment_id=3690\"><\/div><div class=\"wpr-cv-container\"><div class=\"wpr-cv-outer\"><div class=\"wpr-cv-inner\"><div class=\"wpr-grid-media-hover-middle elementor-clearfix\"><div class=\"wpr-grid-item-lightbox elementor-repeater-item-80e6802 wpr-grid-item-display-block wpr-grid-item-align-center wpr-element-fade-in wpr-anim-size-large wpr-anim-timing-ease-default wpr-anim-transparency\"><div class=\"inner-block\"><span data-src=\"https:\/\/cormedprzemkow.pl\/wp-content\/uploads\/2022\/12\/Punkt-Szczepien1-scaled.jpg\"><i class=\"fas fa-search\"><\/i><\/span><div class=\"wpr-grid-lightbox-overlay\"><\/div><\/div><\/div><h2 class=\"wpr-grid-item-title elementor-repeater-item-8f2517e wpr-grid-item-display-block wpr-grid-item-align-center wpr-element-fade-in wpr-anim-size-large wpr-anim-timing-ease-default wpr-anim-transparency wpr-pointer-none wpr-pointer-line-fx wpr-pointer-fx-slide\"><div class=\"inner-block\"><a  href=\"https:\/\/cormedprzemkow.pl\/?attachment_id=3690\">Punkt Szczepie\u01441<\/a><\/div><\/h2><\/div><\/div><\/div><\/div><\/div><\/div><\/div><\/article><article class=\"wpr-grid-item elementor-clearfix post-3691 attachment type-attachment status-inherit hentry\"><div class=\"wpr-grid-item-inner\"><div class=\"wpr-grid-media-wrap wpr-effect-size-small \"><div class=\"wpr-grid-image-wrap\" data-src=\"https:\/\/cormedprzemkow.pl\/wp-content\/uploads\/2022\/12\/Punkt-Szczepien2-scaled.jpg\"><img decoding=\"async\" src=\"https:\/\/cormedprzemkow.pl\/wp-content\/uploads\/2022\/12\/Punkt-Szczepien2-scaled.jpg\" alt=\"Punkt Szczepie\u01442\" class=\"wpr-anim-timing-ease-default\"><\/div><div class=\"wpr-grid-media-hover wpr-animation-wrap\"><div class=\"wpr-grid-media-hover-bg  wpr-overlay-fade-in wpr-anim-size-large wpr-anim-timing-ease-default wpr-anim-transparency\" data-url=\"https:\/\/cormedprzemkow.pl\/?attachment_id=3691\"><\/div><div class=\"wpr-cv-container\"><div class=\"wpr-cv-outer\"><div class=\"wpr-cv-inner\"><div class=\"wpr-grid-media-hover-middle elementor-clearfix\"><div class=\"wpr-grid-item-lightbox elementor-repeater-item-80e6802 wpr-grid-item-display-block wpr-grid-item-align-center wpr-element-fade-in wpr-anim-size-large wpr-anim-timing-ease-default wpr-anim-transparency\"><div class=\"inner-block\"><span data-src=\"https:\/\/cormedprzemkow.pl\/wp-content\/uploads\/2022\/12\/Punkt-Szczepien2-scaled.jpg\"><i class=\"fas fa-search\"><\/i><\/span><div class=\"wpr-grid-lightbox-overlay\"><\/div><\/div><\/div><h2 class=\"wpr-grid-item-title elementor-repeater-item-8f2517e wpr-grid-item-display-block wpr-grid-item-align-center wpr-element-fade-in wpr-anim-size-large wpr-anim-timing-ease-default wpr-anim-transparency wpr-pointer-none wpr-pointer-line-fx wpr-pointer-fx-slide\"><div class=\"inner-block\"><a  href=\"https:\/\/cormedprzemkow.pl\/?attachment_id=3691\">Punkt Szczepie\u01442<\/a><\/div><\/h2><\/div><\/div><\/div><\/div><\/div><\/div><\/div><\/article><article class=\"wpr-grid-item elementor-clearfix post-3692 attachment type-attachment status-inherit hentry\"><div class=\"wpr-grid-item-inner\"><div class=\"wpr-grid-media-wrap wpr-effect-size-small \"><div class=\"wpr-grid-image-wrap\" data-src=\"https:\/\/cormedprzemkow.pl\/wp-content\/uploads\/2022\/12\/Punkt-szczepien3-scaled.jpg\"><img decoding=\"async\" src=\"https:\/\/cormedprzemkow.pl\/wp-content\/uploads\/2022\/12\/Punkt-szczepien3-scaled.jpg\" alt=\"Punkt szczepie\u01443\" class=\"wpr-anim-timing-ease-default\"><\/div><div class=\"wpr-grid-media-hover wpr-animation-wrap\"><div class=\"wpr-grid-media-hover-bg  wpr-overlay-fade-in wpr-anim-size-large wpr-anim-timing-ease-default wpr-anim-transparency\" data-url=\"https:\/\/cormedprzemkow.pl\/?attachment_id=3692\"><\/div><div class=\"wpr-cv-container\"><div class=\"wpr-cv-outer\"><div class=\"wpr-cv-inner\"><div class=\"wpr-grid-media-hover-middle elementor-clearfix\"><div class=\"wpr-grid-item-lightbox elementor-repeater-item-80e6802 wpr-grid-item-display-block wpr-grid-item-align-center wpr-element-fade-in wpr-anim-size-large wpr-anim-timing-ease-default wpr-anim-transparency\"><div class=\"inner-block\"><span data-src=\"https:\/\/cormedprzemkow.pl\/wp-content\/uploads\/2022\/12\/Punkt-szczepien3-scaled.jpg\"><i class=\"fas fa-search\"><\/i><\/span><div class=\"wpr-grid-lightbox-overlay\"><\/div><\/div><\/div><h2 class=\"wpr-grid-item-title elementor-repeater-item-8f2517e wpr-grid-item-display-block wpr-grid-item-align-center wpr-element-fade-in wpr-anim-size-large wpr-anim-timing-ease-default wpr-anim-transparency wpr-pointer-none wpr-pointer-line-fx wpr-pointer-fx-slide\"><div class=\"inner-block\"><a  href=\"https:\/\/cormedprzemkow.pl\/?attachment_id=3692\">Punkt szczepie\u01443<\/a><\/div><\/h2><\/div><\/div><\/div><\/div><\/div><\/div><\/div><\/article><\/section><div class=\"wpr-grid-slider-arrow-container\"><div class=\"wpr-grid-slider-prev-arrow wpr-grid-slider-arrow\" id=\"wpr-grid-slider-prev-fd7f04b\"><svg version=\"1.1\" xmlns=\"http:\/\/www.w3.org\/2000\/svg\" xmlns:xlink=\"http:\/\/www.w3.org\/1999\/xlink\" x=\"0px\" y=\"0px\" viewBox=\"0 0 283.4 512\" style=\"enable-background:new 0 0 283.4 512;\" xml:space=\"preserve\"><g><polygon class=\"st0\" points=\"54.5,256.3 283.4,485.1 256.1,512.5 0,256.3 0,256.3 27.2,229 256.1,0 283.4,27.4 \"\/><\/g><\/svg><\/div><div class=\"wpr-grid-slider-next-arrow wpr-grid-slider-arrow\" id=\"wpr-grid-slider-next-fd7f04b\"><svg version=\"1.1\" xmlns=\"http:\/\/www.w3.org\/2000\/svg\" xmlns:xlink=\"http:\/\/www.w3.org\/1999\/xlink\" x=\"0px\" y=\"0px\" viewBox=\"0 0 283.4 512\" style=\"enable-background:new 0 0 283.4 512;\" xml:space=\"preserve\"><g><polygon class=\"st0\" points=\"54.5,256.3 283.4,485.1 256.1,512.5 0,256.3 0,256.3 27.2,229 256.1,0 283.4,27.4 \"\/><\/g><\/svg><\/div><\/div><div class=\"wpr-grid-slider-dots\"><\/div>\t\t\t\t<\/div>\n\t\t\t\t<\/div>\n\t\t\t\t\t<\/div>\n\t\t<\/div>\n\t\t\t\t\t<\/div>\n\t\t<\/section>\n\t\t\t\t<\/div>\n\t\t","protected":false},"excerpt":{"rendered":"<p>lic. piel. Bogumi\u0142a Fr\u0105szczak COR-MED M&amp;S Diallo Sp\u00f3\u0142ka Jawna W Punkcie Szczepie\u0144 COR-MED M&amp;S Diallo Sp\u00f3\u0142ka jawna wykonywane s\u0105 szczepienia obowi\u0105zkowe dzieci zgodnie z obowi\u0105zuj\u0105cym kalendarzem szczepie\u0144, wg przyj\u0119tego harmonogramu pracy. Wykonujemy tak\u017ce na \u017cyczenie rodzic\u00f3w lub os\u00f3b doros\u0142ych, szczepienia zalecane &#8211; niefinansowane ze \u015brodk\u00f3w publicznych. Ka\u017cde szczepienie poprzedzone jest kwalifikacj\u0105 lekarsk\u0105, kt\u00f3ra odbywa si\u0119 w dniu szczepienia. Pacjent na szczepienie zg\u0142asza si\u0119 w dobrym stanie zdrowia, po uprzedniej rejestracji lub wezwaniu personelu medycznego. W Punkcie szczepie\u0144 wykonujemy tak\u017ce szczepienia przeciw COVID-19 oraz szczepienia przeciw grypie sezonowej. Tel. kontaktowy. 76 8319 409 Punkt Szczepie\u01441 Punkt Szczepie\u01442 Punkt szczepie\u01443<\/p>\n","protected":false},"author":1,"featured_media":0,"parent":0,"menu_order":0,"comment_status":"closed","ping_status":"closed","template":"","meta":{"footnotes":""},"class_list":["post-3183","page","type-page","status-publish","hentry"],"_links":{"self":[{"href":"https:\/\/cormedprzemkow.pl\/index.php?rest_route=\/wp\/v2\/pages\/3183","targetHints":{"allow":["GET"]}}],"collection":[{"href":"https:\/\/cormedprzemkow.pl\/index.php?rest_route=\/wp\/v2\/pages"}],"about":[{"href":"https:\/\/cormedprzemkow.pl\/index.php?rest_route=\/wp\/v2\/types\/page"}],"author":[{"embeddable":true,"href":"https:\/\/cormedprzemkow.pl\/index.php?rest_route=\/wp\/v2\/users\/1"}],"replies":[{"embeddable":true,"href":"https:\/\/cormedprzemkow.pl\/index.php?rest_route=%2Fwp%2Fv2%2Fcomments&post=3183"}],"version-history":[{"count":7,"href":"https:\/\/cormedprzemkow.pl\/index.php?rest_route=\/wp\/v2\/pages\/3183\/revisions"}],"predecessor-version":[{"id":3695,"href":"https:\/\/cormedprzemkow.pl\/index.php?rest_route=\/wp\/v2\/pages\/3183\/revisions\/3695"}],"wp:attachment":[{"href":"https:\/\/cormedprzemkow.pl\/index.php?rest_route=%2Fwp%2Fv2%2Fmedia&parent=3183"}],"curies":[{"name":"wp","href":"https:\/\/api.w.org\/{rel}","templated":true}]}}